is the highest common divisor of 39 and v?
3
Suppose -3*y = -4*t - 117, 5*y - 200 = -t - 28. Let j = 7 + -1. Suppose 14 = j*i - 16. What is the greatest common divisor of y and i?
5
Let z = 271 - 269. Let x = 128 - 121. Calculate the greatest common divisor of x and z.
1
Suppose w + 2150 = 5*x + 6*w, 2170 = 5*x + w. Calculate the greatest common factor of x and 3190.
145
Let m be -201 + -4 + 54/6. Let f = m + 214. Calculate the greatest common factor of 4 and f.
2
Let q(b) = -7*b**2 + 195*b - 13. Let o be q(29). Let d = o + 271. Suppose -i - 2*i + 858 = 0. Calculate the greatest common divisor of i and d.
26
Let h(s) = 37*s - 206. Let x be h(6). What is the greatest common factor of 13376 and x?
16
Let f(p) be the second derivative of 4*p**3 - 24*p**2 - 57*p. Let m be f(8). Calculate the highest common divisor of 36 and m.
36
Suppose 4*o + 80 = -28*s + 30*s, 3*s + 2*o - 72 = 0. What is the greatest common divisor of 16 and s?
4
Suppose -349*g - 16885 + 65745 = 0. Calculate the highest common factor of 6692 and g.
28
Let n = 1472 - 1389. Calculate the greatest common divisor of 3652 and n.
83
Let a(s) = -8*s**2 + 231*s + 30. Let l be a(29). Let r be 28 - (7 - 0) - l. What is the greatest common divisor of r and 4?
4
Suppose -41 = -45*n + 859. What is the greatest common factor of 1110 and n?
10
Let a = 75651 - 51774. Calculate the highest common factor of a and 189.
63
Suppose 0 = -136*y + 133*y - 315. Let l be 14*(-6)/y - (-116)/5. Let u = -364 - -628. What is the highest common factor of l and u?
24
Suppose 3*b - 2 = -4*u, -3*b - 4 = -2*u + 3*u. Let h be 20/(-15)*6*(-1)/u. Let k be (-5*h)/(3*(-4)/18). What is the greatest common divisor of 30 and k?
30
Suppose -768 - 552 = -6*b. Let a = -211 + b. What is the highest common factor of a and 15?
3
Let s(p) = -2*p - 3. Let g be (-15)/(-6)*140/(-25). Let x be s(g). Calculate the highest common divisor of x and 925.
25
Let s be 857/11 + (-49)/(-539). What is the highest common factor of 143 and s?
13
Let h(t) = -t**2 + 4*t + 10. Let j(b) = -4*b - 23. Let g be j(-7). Let f be h(g). Let s be 42/(-1)*f/(-10). What is the greatest common factor of 63 and s?
21
Let w be 15 + -3*(-8)/(-6) + -3. Suppose 2*t = -w, -6*i + 3*t + 20 = -5*i. Calculate the greatest common factor of i and 4.
4
Let f be 3 + (-4 - 2) + (-1 - -26104) + 1. What is the greatest common factor of f and 43?
43
Let w = 3319 + -3311. Calculate the greatest common divisor of w and 1072.
8
Suppose -5*x + 440 = p, -3*x = 4*p - 9*p - 292. Suppose 0 = -2*f + 2, 87*f + 170 = 3*b + x*f. What is the greatest common divisor of b and 98?
14
Suppose 5*s + 5*i + 11 = -4, 3 = -3*i. Let m(l) = 10*l + 12. Let p be m(s). Let j be 32 - (-4 - (p - -1)). Calculate the highest common factor of 116 and j.
29
Suppose 4*z - 4 - 44 = 0. Suppose -23*u + 7*u - 5456 = 0. Let n = 353 + u. Calculate the highest common divisor of n and z.
12
Let q be 8495/130 + (-4)/8 + (-8)/(-52). Calculate the highest common divisor of q and 115.
5
Suppose 0*y + 165 = 2*y + 5*b, -5*b - 25 = 0. Let c = 46929 + -46796. Calculate the highest common factor of c and y.
19
Let l be (103950/1980)/((-6)/(-4)). Let a(c) = -5*c**3 - 4*c**2 - 6*c. Let j be a(-4). Calculate the highest common divisor of j and l.
35
Suppose 48080 = 64*y + 76*y - 34240. Calculate the highest common factor of 2842 and y.
98
Suppose -2*n = 3*v - 4*n - 1414, -3*v + n + 1409 = 0. Suppose -17*j + 712 - 100 = 0. Calculate the greatest common factor of j and v.
36
Let s be 0 - 0*1/(-3). Suppose 5*l - 15 - 5 = s. Let h be 25 - ((-1 - 3) + l). Calculate the highest common factor of 10 and h.
5
Let v = -278 + 282. Suppose -j - 4*t + 9 = -t, -v = 2*j - 5*t. Calculate the highest common divisor of 96 and j.
3
Let l(d) = -52*d - 1069. Let b be l(-32). What is the highest common divisor of b and 28?
7
Suppose 3107 = -163*z - 448 + 59138. What is the highest common divisor of z and 1155?
11
Let w(n) = 236*n**2 - 39*n + 35. Let b be w(2). Calculate the highest common divisor of 689 and b.
53
Let z(y) = 314*y**2 + 32*y + 51. Let t be z(-2). Calculate the greatest common factor of t and 113.
113
Let n = 539 - 516. Suppose 8*d = -n*d + 930. Calculate the greatest common factor of d and 510.
30
Let q be (-3 + 8 - 0) + -1. Suppose -3*t + 2 = -7. Suppose -5*a = -3*a + m - 60, -m - 80 = -t*a. What is the highest common divisor of q and a?
4
Let i(b) = 12 - b**2 + 0*b**2 - 5*b + 14*b. Let s be (328/(-123))/((-1)/3). Let u be i(s). Calculate the greatest common divisor of 8 and u.
4
Let a be (-1161)/(-5) + (-216)/(-20) + -12. Calculate the greatest common divisor of 22 and a.
11
Suppose -40*w = -125*w + 1445. Let t = 5 + -3. Suppose -t*p = 2*p - 204. What is the highest common divisor of w and p?
17
Suppose -2916 = -288*j + 45*j. Calculate the highest common divisor of 5052 and j.
12
Let o be ((3 + (-40)/16)/1)/((-2)/(-11908)). What is the highest common divisor of 1145 and o?
229
Let k = -26 + 26. Suppose k = -22*f + 13*f. Suppose f = -3*l - 4*m + 439 + 123, l - 196 = 3*m. What is the highest common factor of l and 38?
38
Let g be 134 - (-6)/(-4)*(-4)/6. Let o be 10098/g + (-2)/(-10). Let f = o - 53. Calculate the greatest common factor of 88 and f.
22
Suppose g + 849 = 4*n, -2*n + 2*g = n - 638. Let c = 219 - n. Let b be (-70)/(-6)*(-2 - -5). What is the greatest common factor of b and c?
7
Let r be (-150)/((-1956)/(-144) + -14). Calculate the greatest common divisor of 2376 and r.
72
Suppose -2*g + 10 = -3*p + 1, g + p = 7. Suppose -g*c + 3*c = -6. Let w be c/(-3) - 69/(-9). What is the greatest common divisor of w and 35?
7
Let u(f) = -4*f - 1. Let t be u(-2). Suppose 1140*p - 1135*p + 45 = 0. Let c be p/(9/(-49))*1. What is the greatest common factor of c and t?
7
Suppose -28*n + 2*n = 3*n - 2436. Calculate the greatest common divisor of n and 19.
1
Suppose -h = 7*b - 37, 3*h + 3*b - 153 = -2*h. What is the highest common factor of 310 and h?
10
Let f(b) = 7*b + 2. Let n be f(0). Suppose 46 = 3*k - n*k + 5*x, -k - x = -38. What is the highest common factor of 162 and k?
18
Suppose 12*n - 7*n = 145. Let s = n + 56. Let m = s + 155. Calculate the greatest common factor of 15 and m.
15
Let z be (-693)/27 + 2/3. Let y be z*(3 - 0 - 4). Suppose -10*h = -11*h + a + 225, -3*a + 675 = 3*h. Calculate the greatest common factor of y and h.
25
Let j be -364*(-12 + 0)/12. What is the highest common factor of j and 2730?
182
Let g be 520/(-100) + (0 - -5) + 74706/30. What is the greatest common factor of g and 2158?
166
Suppose -b + 67 = p - 150, 2*p = -5*b + 425. What is the greatest common factor of 1660 and p?
20
Suppose -k - 8 = -20. Suppose 0 = -2*h + 3*w - k, 7*w - 2*w - 20 = -2*h. Let q(v) = -5*v + 11. Let y be q(h). Calculate the highest common divisor of 11 and y.
11
Suppose 3*v = r - 3, -3 = -r - 209*v + 210*v. Calculate the greatest common divisor of 229 and r.
1
Let c = -460 + 456. Let n be (518/(-111))/(c/78). Suppose 0 = y - 4*y - 2*s + 27, -12 = -4*s. Calculate the greatest common divisor of y and n.
7
Suppose 5*g - 283 + 163 = -2*j, 2*g + 5*j = 27. What is the greatest common factor of g and 1625?
13
Let q be (-44)/858 - (-83685)/585. Calculate the highest common factor of 891 and q.
11
Suppose -4*h + 40 = 5*n, -5*h - 2*n + 51 - 1 = 0. Let d(p) = 10*p - 8. Let u be d(-5). Let y = 63 + u. Calculate the greatest common factor of y and h.
5
Suppose -3*h + 5*o = 4*o - 64, -5*h = 4*o - 135. Suppose 29*z = 6 + 23. Calculate the greatest common divisor of z and h.
1
Let p = -1584 - -2415. Let f = p + -646. Calculate the greatest common factor of 74 and f.
37
Let q(y) = -y**2 + 10*y - 6. Let w be q(2). Let r be 22/55 + (-1 - (-116)/w). What is the greatest common divisor of r and 22?
11
Suppose 22 + 32 = o - 34. What is the highest common factor of 184 and o?
8
Let z(r) = -17*r - 8 - 1 + 20951*r**2 - 20948*r**2. Let c be z(7). Suppose 0 = 3*f + 7 + 8, 186 = b - 3*f. What is the highest common divisor of c and b?
19
Suppose -154*c = -155*c + 80. Let x(n) = 2*n - 18. Let g be x(10). Suppose 2*v - 40 = -v + 2*l, -g*l = -8. What is the greatest common factor of v and c?
16
Let d be (-427179)/(-138) + (-6)/(-4). What is the highest common divisor of d and 95?
19
Let r = -4737 - -4847. Calculate the highest common factor of r and 5005.
55